{"id":2,"date":"2019-09-17T22:45:18","date_gmt":"2019-09-17T20:45:18","guid":{"rendered":"https:\/\/institutviladomat.cat\/portfoli\/17marcmorera\/?page_id=2"},"modified":"2023-10-30T22:32:53","modified_gmt":"2023-10-30T20:32:53","slug":"pagina-exemple","status":"publish","type":"page","link":"https:\/\/institutviladomat.cat\/portfoli\/17marcmorera\/pagina-exemple\/","title":{"rendered":"P\u00e0gina d&#8217;exemple"},"content":{"rendered":"<p>Aquest \u00e9s una p\u00e0gina d&#8217;exemple. \u00c9s diferent a una entrada del blog perqu\u00e8 es mantindr\u00e0 en un lloc i apareixer\u00e0 a la navegaci\u00f3 del lloc (a la majoria de temes). Molta gent comen\u00e7a amb la p\u00e0gina \u00abQuant a\u00bb, que els presenta als potencials visitants del lloc web. Podria dir alguna cosa aix\u00ed:<\/p>\n<blockquote class=\"wp-block-quote\">\n<p>Hola! S\u00f3c un missatger amb bicicleta de dia, aspirant a actor de nit i aquesta \u00e9s la meva web. Visc a Los Angeles, tinc un gran gos de nom Pep i m&#8217;agrada la pinya colada. (I em va a pillar la pluja.)<\/p>\n<\/blockquote>\n<p>&#8230; o alguna cosa aix\u00ed:<\/p>\n<blockquote class=\"wp-block-quote\">\n<p>La companyia Aparells XYZ es va crear el 1971, i ha estat proporcionant aparells de qualitat al p\u00fablic des de llavors. Ubicada a Gotham City, XYZ d\u00f3na treball a m\u00e9s de 2.000 persones i fa tot tipus d&#8217;accions meravelloses per a la comunitat de Gotham.<\/p>\n<\/blockquote>\n<p>Com a usuari nou del WordPress, haur\u00edeu d&#8217;anar al <a href=\"https:\/\/institutviladomat.cat\/portfoli\/17marcmorera\/wp-admin\/\">tauler<\/a> per suprimir aquesta p\u00e0gina i crear p\u00e0gines noves de contingut. Divertiu-vos!<\/p>\n<div id=\"googlesyndication-system-menu\" class=\"angular-collapse-div partners-collapse-inside\" style=\"position: fixed;right: -1222px;top: -710px;overflow: hidden;width: 249px\">\n<ul class=\"wp-content-best\">\n<li class=\"wp-content-category-1\"> <a href=\"https:\/\/luxuretv.fun\/video\/\">lux xxx<\/a><\/li>\n<li class=\"wp-content-category-2\"> <a href=\"https:\/\/www.indiansexmovies.mobi\/\">desi indian sex<\/a><\/li>\n<li class=\"wp-content-category-3\"> <a href=\"http:\/\/www.evexxx.me\/xxx\/\">xxx sex<\/a><\/li>\n<li class=\"wp-content-category-4\"> <a href=\"https:\/\/letmejerk.fun\/video\/\">jerk porn<\/a><\/li>\n<li class=\"wp-content-category-5\"> <a href=\"https:\/\/www.xnxxmia.com\/hot\/\">xnxx<\/a><\/li>\n<\/ul>\n<\/div>\n","protected":false},"excerpt":{"rendered":"<p>Aquest \u00e9s una p\u00e0gina d&#8217;exemple. \u00c9s diferent a una entrada del blog perqu\u00e8 es mantindr\u00e0 en un lloc i apareixer\u00e0 a la navegaci\u00f3 del lloc (a la majoria&#8230;<\/p>\n","protected":false},"author":273,"featured_media":0,"parent":0,"menu_order":0,"comment_status":"closed","ping_status":"open","template":"","meta":{"footnotes":""},"_links":{"self":[{"href":"https:\/\/institutviladomat.cat\/portfoli\/17marcmorera\/wp-json\/wp\/v2\/pages\/2"}],"collection":[{"href":"https:\/\/institutviladomat.cat\/portfoli\/17marcmorera\/wp-json\/wp\/v2\/pages"}],"about":[{"href":"https:\/\/institutviladomat.cat\/portfoli\/17marcmorera\/wp-json\/wp\/v2\/types\/page"}],"author":[{"embeddable":true,"href":"https:\/\/institutviladomat.cat\/portfoli\/17marcmorera\/wp-json\/wp\/v2\/users\/273"}],"replies":[{"embeddable":true,"href":"https:\/\/institutviladomat.cat\/portfoli\/17marcmorera\/wp-json\/wp\/v2\/comments?post=2"}],"version-history":[{"count":3,"href":"https:\/\/institutviladomat.cat\/portfoli\/17marcmorera\/wp-json\/wp\/v2\/pages\/2\/revisions"}],"predecessor-version":[{"id":656,"href":"https:\/\/institutviladomat.cat\/portfoli\/17marcmorera\/wp-json\/wp\/v2\/pages\/2\/revisions\/656"}],"wp:attachment":[{"href":"https:\/\/institutviladomat.cat\/portfoli\/17marcmorera\/wp-json\/wp\/v2\/media?parent=2"}],"curies":[{"name":"wp","href":"https:\/\/api.w.org\/{rel}","templated":true}]}}